209, 11867
What are the prime factors of 3036295936?
2, 101, 117431
List the prime factors of 77340524.
2, 1013, 19087
List the prime factors of 263821849.
953, 276833
List the prime factors of 269917177.
17, 15877481
List the prime factors of 177551025.
3, 5, 2367347
List the prime factors of 389596715.
5, 2221, 35083
What are the prime factors of 162212174?
2, 81106087
List the prime factors of 17934390.
2, 3, 5, 89, 2239
What are the prime factors of 220656765?
3, 5, 7, 439, 4787
List the prime factors of 222075672.
2, 3, 7, 13, 23, 4421
What are the prime factors of 2826412886?
2, 11, 101, 149, 8537
What are the prime factors of 3132875421?
3, 13, 53, 83, 2029
List the prime factors of 92151248.
2, 7, 23, 83, 431
List the prime factors of 168605692.
2, 42151423
What are the prime factors of 736738610?
2, 5, 73673861
What are the prime factors of 233170670?
2, 5, 37, 61, 10331
List the prime factors of 31922773.
31922773
List the prime factors of 70032749.
37, 1892777
What are the prime factors of 351537774?
2, 3, 7, 8369947
What are the prime factors of 20970810?
2, 3, 5, 7, 33287
List the prime factors of 14087675.
5, 7, 79, 1019
What are the prime factors of 3841842403?
7, 61, 991, 1297
What are the prime factors of 270390908?
2, 233, 290119
List the prime factors of 17528593.
17528593
List the prime factors of 1322795455.
5, 43, 6152537
List the prime factors of 1303713325.
5, 4967, 10499
What are the prime factors of 46640858?
2, 11, 19, 111581
What are the prime factors of 10622811?
3, 37, 95701
List the prime factors of 58844195.
5, 109, 107971
What are the prime factors of 358347901?
283, 1266247
What are the prime factors of 2622077777?
11, 238370707
What are the prime factors of 4305600707?
43, 100130249
What are the prime factors of 627723528?
2, 3, 257, 101771
What are the prime factors of 16505675?
5, 660227
What are the prime factors of 156743718?
2, 3, 71, 101, 3643
What are the prime factors of 340581611?
340581611
What are the prime factors of 4887968679?
3, 11, 31, 530897
What are the prime factors of 4316919?
3, 1438973
List the prime factors of 45763271.
2081, 21991
What are the prime factors of 2186317?
7, 312331
What are the prime factors of 29944878?
2, 3, 29, 172097
List the prime factors of 479915961.
3, 7, 22853141
List the prime factors of 1144557870.
2, 3, 5, 409, 93281
What are the prime factors of 892849667?
8287, 107741
List the prime factors of 854669351.
23, 37159537
List the prime factors of 33467657.
33467657
List the prime factors of 1744077985.
5, 13, 2659, 10091
What are the prime factors of 4461160095?
3, 5, 7, 107, 1237
What are the prime factors of 897475069?
897475069
What are the prime factors of 123058641?
3, 157, 261271
List the prime factors of 1855082095.
5, 2383, 155693
What are the prime factors of 968137270?
2, 5, 67, 1444981
What are the prime factors of 962700022?
2, 5939, 81049
List the prime factors of 89835031.
11, 13, 628217
List the prime factors of 975840775.
5, 7, 13, 37, 11593
What are the prime factors of 216546209?
11, 877, 22447
List the prime factors of 2336257437.
3, 53, 14693443
What are the prime factors of 5612236731?
3, 623581859
List the prime factors of 81830432.
2, 2557201
What are the prime factors of 196039665?
3, 5, 17, 61, 4201
List the prime factors of 2218998894.
2, 3, 7, 52833307
List the prime factors of 439522489.
7, 127, 283, 1747
What are the prime factors of 29792314?
2, 23, 647659
List the prime factors of 26169189.
3, 8723063
List the prime factors of 953622697.
4759, 200383
What are the prime factors of 1989979857?
3, 8389, 26357
What are the prime factors of 56178839?
19, 37, 157, 509
List the prime factors of 490734143.
29, 16921867
List the prime factors of 329692071.
3, 109897357
List the prime factors of 3342537265.
5, 37, 1061, 17029
List the prime factors of 114968849.
114968849
List the prime factors of 203335243.
203335243
List the prime factors of 166021748.
2, 61, 680417
List the prime factors of 1229820905.
5, 1867, 131743
List the prime factors of 2631504857.
211, 12471587
What are the prime factors of 1557238322?
2, 23, 1289, 26263
List the prime factors of 5411149458.
2, 3, 11, 13, 307, 20543
What are the prime factors of 1121757667?
53, 113, 187303
List the prime factors of 73881338.
2, 36940669
What are the prime factors of 191966938?
2, 937, 102437
What are the prime factors of 1114245067?
13, 2239, 38281
What are the prime factors of 42204198?
2, 3, 37, 151, 1259
List the prime factors of 108309820.
2, 5, 331, 16361
What are the prime factors of 105624837?
3, 3912031
What are the prime factors of 247234279?
97, 293, 8699
What are the prime factors of 141545722?
2, 53, 79, 16903
What are the prime factors of 635312502?
2, 3, 11, 443, 7243
List the prime factors of 139611354.
2, 3, 19, 127, 9643
List the prime factors of 894805432.
2, 23, 4863073
List the prime factors of 354787431.
3, 131, 902767
List the prime factors of 73130664.
2, 3, 127, 23993
List the prime factors of 353367806.
2, 11, 16062173
List the prime factors of 486401436.
2, 3, 500413
What are the prime factors of 1085913703?
7, 37, 59, 179, 397
What are the prime factors of 99018114?
2, 3, 13, 97651
What are the prime factors of 28500659?
11, 47, 55127
What are the prime factors of 40788858?
2, 3, 11, 19, 2957
List the prime factors of 73783039.
11, 6707549
What are the prime factors of 2705857164?
2, 3, 8351411
What are the prime factors of 1006096725?
3, 5, 1289, 3469
List the prime factors of 149123015.
5, 29824603
What are the prime factors of 8821895?
5, 17, 103787
What are the prime factors of 103138755?
3, 5, 1901, 3617
List the prime factors of 119808640.
2, 5, 7, 47, 569
List the prime factors of 6324645611.
6324645611
What are the prime factors of 84066073?
7, 13, 349, 2647
What are the prime factors of 165956353?
211, 757, 1039
What are the prime factors of 29790083?
23, 1295221
What are the prime factors of 466030731?
3, 193, 804889
What are the prime factors of 761645048?
2, 95205631
What are the prime factors of 651844121?
2273, 286777
What are the prime factors of 140272910?
2, 5, 47, 163, 1831
What are the prime factors of 139227369?
3, 443, 104761
What are the prime factors of 54580396?
2, 13, 1049623
List the prime factors of 426587490.
2, 3, 5, 7, 293, 2311
What are the prime factors of 62531492?
2, 281, 55633
List the prime factors of 100928294.
2, 29, 1740143
List the prime factors of 475835699.
475835699
List the prime factors of 41586838.
2, 20793419
List the prime factors of 265740589.
197, 1348937
What are the prime factors of 73741086?
2, 3, 4096727
What are the prime factors of 117053013?
3, 7, 11, 191, 379
What are the prime factors of 245958847?
245958847
List the prime factors of 191785658.
2, 19, 5046991
What are the prime factors of 560566858?
2, 257, 1090597
List the prime factors of 2589907485.
3, 5, 11, 15696409
What are the prime factors of 1572048460?
2, 5, 78602423
What are the prime factors of 4789278465?
3, 5, 431, 740801
List the prime factors of 72384852.
2, 3, 227, 26573
What are the prime factors of 3220928012?
2, 805232003
List the prime factors of 7477810657.
163, 1319, 34781
List the prime factors of 165479741.
7, 23639963
List the prime factors of 19552093.
11, 23, 109, 709
List the prime factors of 1827630071.
23, 331, 431, 557
List the prime factors of 187300641.
3, 11, 743, 7639
What are the prime factors of 62614179?
3, 17, 97, 4219
List the prime factors of 27097649.
27097649
What are the prime factors of 3532248609?
3, 1177416203
List the prime factors of 7623241882.
2, 3811620941
List the prime factors of 301809723.
3, 100603241
What are the prime factors of 589713772?
2, 211, 698713
List the prime factors of 188262351.
3, 20918039
What are the prime factors of 669028994?
2, 334514497
List the prime factors of 119929491.
3, 11, 44867
List the prime factors of 854439018.
2, 3, 83, 1715741
List the prime factors of 200319426.
2, 3, 1723, 2153
List the prime factors of 19409372.
2, 101, 107, 449
What are the prime factors of 501684595?
5, 100336919
List the prime factors of 626856549.
3, 11, 31, 612763
List the prime factors of 1411865089.
3797, 371837
What are the prime factors of 53474645?
5, 7, 19, 97, 829
What a